at is the value of 0 - -23 - -1 - ((2 - -8) + -12)?
26
What is the value of -5 - (-41 + 35 - 34)?
35
19 - 15 - (-10 + (-4 - -6) + 0)
12
Evaluate -2 - (-4 + -2 + 34 + -48).
18
Calculate (0 + 3 - 4) + -7 - (202 - 177).
-33
What is the value of -5 + 2 - 3 - -5?
-1
Calculate (-6 - -13) + 2 + 1 - -3.
13
What is (33 + 31 - 33) + -49?
-18
What is 4 + 1 + 60 + -71 + (-3 - -7)?
-2
Evaluate (0 - (2 - 0)) + (-18 - -7) + -1.
-14
27 + (18 - -4 - 17)
32
Evaluate 21 + -1 - (81 - 70).
9
Calculate 21 - (35 + 19) - (-11 + 0).
-22
Evaluate 13 + -5 + (8 - 13) - (-6 + 2).
7
What is 0 + -7 + 4 - (6 + 15 - 17)?
-7
What is the value of -21 + 0 + (12 + 0 - (233 + -226))?
-16
What is -11 + 0 - (-167 - -166)?
-10
2 - (-3 + 1 + (-19 - -28))
-5
What is the value of -5 - ((13 - 12) + -1)?
-5
Evaluate 12 + -1 + -1 - (-23 - -16 - 0).
17
What is -20 - (-18 - 13) - 38?
-27
What is the value of 7 - ((1 - 11) + 82 + -79)?
14
Calculate 5 + 2 + 7 + 9 + -33.
-10
What is the value of (-758 - -758) + (2 - (-1 + -1))?
4
What is 2 + -3 + 9 + 0 + (2 - 8)?
2
What is the value of -6 + -14 + 41 + -40?
-19
9 + -34 + (10 - 4) + -8
-27
9 + (-7 - -28 - 33)
-3
2 - 17 - (28 + -39) - (2 - 20)
14
10 - 17 - -1 - -14 - 21 - -9
-4
What is the value of 21 + -2 + -6 + 13 - 0 - 6?
20
Calculate -12 - (-15 + -1 + -2 + 9).
-3
What is the value of 8 - ((5 - -4) + -5 - (10 - 1))?
13
Calculate (-9 - (10 + (7 + -30 - -6))) + -7.
-9
Calculate (-15 - (3 + -1)) + 7.
-10
Evaluate (17 - 4) + -7 - 2 - -8.
12
5 + -1 + (5 - (14 + -4 + -5))
4
-6 - -2 - -4 - (42 + -58)
16
-19 + 7 + -3 - (113 + -153)
25
(21 - 27) + -1 - -27
20
6 + -1 + (-3 - 3) + -1 + 6
4
What is the value of (-3 - -12) + (490 - 487)?
12
What is the value of -7 - (-24 + 4) - 7?
6
(1 + -1 - (-71 - -78)) + 11
4
Evaluate -23 + -16 - -105 - 47.
19
((6 - -5) + 2 - (-2 + 0)) + -2
13
9 - (16 - 8) - -15
16
-32 - (-18 - (-29 + 2)) - -12
-29
-25 - (2 + 11 - 28)
-10
What is 8 + 6 + -12 + (-1 - (-4 - 2))?
7
What is the value of 5 + ((4 - 2) + -1 - 3) + -13?
-10
What is the value of (-159 - -140) + (7 - 1) - 19?
-32
What is (40 - (3 - (3 + -1))) + -413 + 411?
37
Calculate (11 + -1 + -2 - (1 + 2)) + 2.
7
-1 + -8 + (18 - (6 + -7))
10
What is the value of -10 + 14 + -3 + -18?
-17
Evaluate 4 - -25 - (-3 - -21).
11
What is 21 - (2 - (-16 - (-10 - -1)))?
12
What is the value of (-286 - -271) + 43 + 0?
28
Evaluate 14 + 13 + -26 + (-8 - -1).
-6
What is (0 - (14 + 7)) + -86 + 78?
-29
Calculate (-19 - -17 - 26) + 17.
-11
What is 10 + (9 - (0 + 31)) + -2?
-14
Evaluate -8 + 6 + (-6 - -19) + 5 + 5.
21
What is (3 + -4 - (-9 - 1)) + (-9 - -36)?
36
Evaluate 13 + -15 + -1 + (-1 - 8).
-12
What is -5 + (1 - 5) - (0 + -13 - -8)?
-4
What is the value of (16 + -2 - 37 - -11) + 4?
-8
Evaluate 11 + -3 + (-2 - (-20 - -15)) + 0.
11
Calculate -26 - (-7 + 14 + -2).
-31
Evaluate -7 + (8 - 5) + (-3 - 1).
-8
What is 0 + 6 - (-2 - 24 - (19 + -36))?
15
Calculate -5 + -7 + 9 + -2 + 2.
-3
Calculate (-916 - -905) + (-1 - -2).
-10
Evaluate 15 + -9 + (0 - 0) - 1 - -12.
17
What is -27 - (9 + -45 + -6)?
15
What is the value of -159 - -177 - (-1 + 16)?
3
Evaluate -2 + (-20 - -16) - -13 - -13.
20
Calculate -9 + (8 - (-17 - (2 + -15))).
3
What is the value of -4 - (-2 - -7) - (57 + -57)?
-9
Calculate (-7 - -3 - (-3 + 2)) + 16 + -15.
-2
What is the value of 18 + (-20 - 10) - -18?
6
What is 7 + -2 + 3 + -6 - 4?
-2
What is the value of (29 - 18) + (-3 - 0) + -5 - 3?
0
Calculate 213 - 212 - (12 + 4 + 4).
-19
-8 - (9 - (4 + 10) - (-2 + 5))
0
Calculate 0 + -14 + 12 - -15.
13
What is the value of 2 - ((8 - 15) + 0 - -9)?
0
What is 22 + (11 + 0 + (11 - 13) - 17)?
14
Evaluate -18 + (2 - 16 - (-1 - 6) - -13).
-12
Calculate 8 + 0 + (-9 - -1) - (1 - -3).
-4
What is the value of 102 + -102 - (0 + 2 - -2)?
-4
Calculate 15 + (-462 + 398 - (-1 - 12)).
-36
Calculate 64 + -128 - (-37 - -3).
-30
Evaluate -3 + 1 + (5 - 1) + (-4 - 0).
-2
What is the value of (388 - 372) + 1 + -1 + -9?
7
Evaluate (-19 - (10 - 18)) + (-26 - -2) - -11.
-24
(-4 - (-5 - (-1 - (-5 - -7)))) + -8
-10
What is the value of 6 + 6 + -9 + 5 + -3?
5
(2 - 4 - -1) + 0 - (-2 + 3)
-2
Calculate 5 + 14 + -23 + 0.
-4
Evaluate 2 + 5 + (-2 - (-10 + 6)).
9
0 + -17 + (423 - 418)
-12
What is the value of 8 - (66 - 30 - (3 - -7 - 3))?
-21
Evaluate -15 + -1 + 20 + -3 + -3.
-2
What is (-1 - (0 + 5 + 6)) + 0?
-12
What is 6 + -4 + (2 - 0) + (21 - 19)?
6
42 + (-23 - 38 - -36)
17
11 + -5 + 0 + -5 + 56 + -50
7
What is the value of -3 - 5 - (4 + -9 - 4)?
1
Calculate 9 + (6 - 23) + 15 + 26 + 0.
33
What is -9 + (-10 - (-1 + -5)) + 18 + -16?
-11
Calculate -1 - -6 - (16 + (0 - (15 - -3))).
7
Calculate -436 - -418 - (0 - -1 - (-2 - -11)).
-10
-9 + (4 - (-11 + 29) - -23)
0
What is the value of 1393 + -1394 - (-1 - 32 - 0)?
32
Calculate 3 - (9 + 6 + -11 - -2).
-3
-87 - -102 - (19 - 5 - 3)
4
Calculate 1 + -2 + 5 + (-1 - 0) + 12.
15
What is -8 + (-1 - (8 - 5) - -9)?
-3
4 - (0 + 0) - (288 - 284)
0
What is 4 + 1 + 5 + -10 - (1 + 4)?
-5
(-1 - 5) + (-20 - -23) + (1 - -8)
6
What is -19 - -11 - (5 + (-6 - -5) - -4)?
-16
Calculate -4 + (-8 + 0 - -9).
-3
0 + 0 + -5 - (-220 + 231)
-16
Calculate 27 - (-1 + (-2 - 2 - (12 - 23))).
21
Evaluate -26 - ((-6 - 20 - -9) + 5).
-14
Calculate 8 + (-3 - (-17 + 22 + -20)).
20
Evaluate 4 - 3 - (1 - 1 - 6).
7
Calculate -54 + 82 + (-7 - 13).
8
What is (3 + 2 - -1 - -8 - -2) + -5?
11
What is -21 - (-81 + 47 - -41)?
-28
What is -90 + 79 - (-2 - -2 - 7)?
-4
Evaluate 12 + 0 + -15 + 10.
7
Evaluate 75 + -73 + (-2 - 11) - (17 - -1).
-29
What is the value of -1 - (-11 - -15 - -7)?
-12
Calculate -21 - 16 - -31 - -30.
24
8 + (-2 - 0) + 2 + 1
9
Calculate -2 + -16 + (9 - (16 - (-13 - -25))).
-13
What is the value of -2 - 2 - (126 - 123)?
-7
What is (-11 - 8) + 3 - -1 - -38?
23
What is the value of (22 - (15 - 26)) + (-12 - -8)?
29
Evaluate -2 + -1 - -18 - 9.
6
Evaluate -15 + 33 + (-29 - -5).
-6
Calculate 16 + -6 + 1 - 2 - (4 + -4).
9
What is 7 + 1 + (-3 - -6) + -35?
-24
-24 - (-61 - -5) - (-2 + 2 + 9)
23
Calculate (4 - 5 - (-2 - (2 - -1))) + 6.
10
-32 + 18 + (29 - 40)
-25
What is 3 - (0 + 11 - -5) - (-4 + 1)?
-10
What is the value of -3 + 2 - (72 - 95)?
22
Evaluate -9 - (-6 + (-1 - -1 - 2)) - -5.
4
What is the value of (12 - 39) + 26 - -22?
21
Evaluate -8 + (12 - -3 - 19).
-12
(12 - 16) + 12 + -6 + 1 - 14
-11
Calculate 7 + (-6 + -11 - (-1 + 3)) - 2.
-14
-54 - -4 - (75 - 105)
-20
What is the value of -6 + (-13 - -32) - 8 - 5?
0
Evaluate (2 - 12) + 15 - (1 + -1).
5
Evaluate 17 - ((13 - (6 + 25)) + 21).
14
What is the value of -30 + (12 - -9) + 0?
-9
-1 + 2 + -8 - (-51 + (74 - 12))
-18
Calculate (8 - (24 + 1)) + (-22 - (-27 - -12)).
-24
Evaluate (-6 + 1 - (41 - 41)) + 3.
-2
What is the value of (-1 - (1 - 6)) + -9 + (18 - 3)?
10
Calculate (23 - 30) + (3 - -14) - -5.
15
What is the value of (4 - -3) + -22 + 22 + 10?
17
What is the value of 38 + (-15 - 10) - (7 + -2)?
8
Calculate -2 + 8 + -13 + (16 - -8).
17
Evaluate (0 - -8) + (-10 - (-13 + 10)).
1
-18 - -6 - (3 + -1 + 1 - -6)
-21
What is the value of (0 - (-7 - 1)) + (-2 - 6) + 7?
7
29 + -53 - (5 + -5 - 10 - -5)
-19
Evaluate (11 - (6 + 2)) + 0 + 4 - 3.
4
Evaluate -19 + 19 + 5 + -4 + -5.
-4
Calculate 2 + (11 - 18 - -18).
13
What is the value of (0 - -5) + -9 + (5 - 2) + -13?
-14
Evaluate 11 + (-2 - (1 + -4)) - 5.
7
What is the value of -2 - (9 + -11 + 3 + -5 + 5)?
-3
-2 - (5 - (0 + -4))
-11
Evaluate (19 - (5 + -6)) + (60 - 56).
24
-19 + (-16 + 2 - (-9 - 6))
-18
What is the value of -1 - -2 - (-1 + 6) - (24 + -31)?
3
Calculate 3 - (-7 + (-4 - (-5 + 10 + -5))).
14
What is 2 + -2 + (-24 - -11 - (-2 + 2))?
-13
What is the value of 0 + (3 + 14 - 5)?
12
Calculate -8 - ((1 - 13) + 2 + 14).
-12
21 + -50 + 24 + -7 + -1 + 2
-11
Evaluate 28 - (-19 - -24) - 25.
-2
What is the value of (-32 - -18) + 10 - -13?
9
7 + (-4 - -6 - (4 + 4)) + -13
-12
Calculate 1 + 1 - (30 + -14 - (-2 - -17)).
1
Evaluate -10 + -6 + -9 + 27.
2
Evaluate (0 - 1) + -1 - (-44 - -45).
-3
Evaluate -5 + (31 - -2 - 9).
19
Evaluate (-7 + -4 - 5) + -28 + 43.
-1
-6 + (-16 - (-10 + 2) - 0)
-14
Calculate (-5 - 4) + 19 - 6.
4
Evaluate 2 - -5 - -7 - (-7 - (3 - 7)).
17
What is 29 - (34 - (31 + -16))?
10
What is the value of -1 + -1 + 5 - (-31 - 37 - -71)?
0
57 - 64 - (-16 + -1)
10
(-72 + 53 - (-10 - (-4 + 4))) + 21
12
Evaluate -4 + (-8 - -16) - (-19 + 25).
-2
What is the value o